{"id":175,"date":"2023-12-10T20:59:33","date_gmt":"2023-12-10T19:59:33","guid":{"rendered":"https:\/\/dev.ludivinedeprince.com\/?page_id=175"},"modified":"2024-04-09T13:49:37","modified_gmt":"2024-04-09T11:49:37","slug":"lecture-energetique","status":"publish","type":"page","link":"https:\/\/dev.ludivinedeprince.com\/index.php\/lecture-energetique\/","title":{"rendered":"A propos"},"content":{"rendered":"\n<div class=\"wp-block-group sur_impression espace_bloc_bottom is-vertical is-layout-flex wp-container-core-group-is-layout-8cf370e7 wp-block-group-is-layout-flex\">\n<h2 class=\"wp-block-heading has-text-align-center titre_bloc\">Qui je suis<\/h2>\n\n\n\n<p>Bonjour !<\/p>\n\n\n\n<p>Je suis Ludivine et je suis enchant\u00e9e de vous accueillir sur mon site et de vous parler un peu de moi.<\/p>\n\n\n\n<hr class=\"wp-block-separator has-alpha-channel-opacity\"\/>\n\n\n\n<p>Dans mon parcours professionnel, c&rsquo;est d&rsquo;abord 19 ans en tant que Responsable Qualit\u00e9 au sein de l\u2019industrie de la Micro\u00e9lectronique. Un m\u00e9tier, o\u00f9 j&rsquo;ai travaill\u00e9 avec la direction, les salari\u00e9s, les fournisseurs et les partenaires \u00e0 la recherche constante de l&rsquo;am\u00e9lioration continue.<\/p>\n\n\n\n<p>Et, c&rsquo;est lors de r\u00e9unions de projets que j&rsquo;ai d\u00e9couvert un outil fantastique pour animer et f\u00e9d\u00e9rer les participants : la facilitation graphique. Cette pratique a \u00e9veill\u00e9 en moi une passion nouvelle alliant ma force d&rsquo;animation et le pouvoir du visuel.&nbsp;<\/p>\n\n\n\n<hr class=\"wp-block-separator has-alpha-channel-opacity\"\/>\n\n\n\n<p>C&rsquo;est ainsi qu&rsquo;en 2019, j&rsquo;ai d\u00e9cid\u00e9 de changer de cap et de proposer mes services en tant que facilitatrice graphique, mod\u00e9lisatrice&#8230;. et sketchnoteuse<\/p>\n\n\n\n<hr class=\"wp-block-separator has-alpha-channel-opacity\"\/>\n\n\n\n<p>En dehors de mon travail, je trouve mon \u00e9quilibre dans la nature, particuli\u00e8rement en montagne, o\u00f9 je peux aussi pratiquer ma passion pour la photographie aupr\u00e8s des paysage, de la faune et de la flore. <\/p>\n\n\n\n<hr class=\"wp-block-separator has-alpha-channel-opacity\"\/>\n\n\n\n<p>Lors de mes projets avec mes clients, j&rsquo;apporte toujours une touche personnelle en mettant \u00e0 profit mes comp\u00e9tences anciennes \u00e0 ma nouvelle pratique. Car oui, une qualit\u00e9 d&rsquo;\u00e9coute, de la bienveillance et un esprit de synth\u00e8se caract\u00e9risent chacune de mes interventions, ce qui contribue au succ\u00e8s des projets de mes clients.<\/p>\n\n\n\n<p>\u00c0 long terme, mon objectif est de continuer \u00e0 \u00e9voluer dans mon activit\u00e9 en proposant des services de qualit\u00e9 qui r\u00e9pondent aux besoins de mes clients, tout en cultivant une approche humaine et respectueuse.<\/p>\n\n\n\n<p>N&rsquo;h\u00e9sitez pas \u00e0 me contacter si vous avez des questions ou si vous souhaitez en savoir plus sur mes services !<\/p>\n<\/div>\n\n\n\n<div class=\"wp-block-group sur_impression espace_bloc_bottom is-vertical is-layout-flex wp-container-core-group-is-layout-8cf370e7 wp-block-group-is-layout-flex\">\n<h2 class=\"wp-block-heading has-text-align-center titre_bloc\">Ce que tu gagneras<\/h2>\n\n\n\n<p>paix bonheur et joie \ud83d\ude00 <\/p>\n<\/div>\n\n\n\n<h2 class=\"wp-block-heading has-text-align-center titre_bloc paragraphe_separation\">T\u00e9moignages<\/h2>\n\n\n<div ><style id=\"wp_carousel_dynamic_css278\">#sp-wp-carousel-free-id-278.sp-wpcp-278 .wpcp-single-item {border: 1px solid #dddddd;}#sp-wp-carousel-free-id-278.sp-wpcp-278 .swiper-button-prev,#sp-wp-carousel-free-id-278.sp-wpcp-278 .swiper-button-next,#sp-wp-carousel-free-id-278.sp-wpcp-278 .swiper-button-prev:hover,#sp-wp-carousel-free-id-278.sp-wpcp-278 .swiper-button-next:hover {background: none;border: none;font-size: 30px;}#sp-wp-carousel-free-id-278.sp-wpcp-278 .swiper-button-prev i,#sp-wp-carousel-free-id-278.sp-wpcp-278 .swiper-button-next i {color: #aaa;}#sp-wp-carousel-free-id-278.sp-wpcp-278 .swiper-button-prev i:hover,#sp-wp-carousel-free-id-278.sp-wpcp-278 .swiper-button-next i:hover {color: #178087;}#sp-wp-carousel-free-id-278.sp-wpcp-278 .wpcp-swiper-dots .swiper-pagination-bullet {background-color: #cccccc;}#sp-wp-carousel-free-id-278.sp-wpcp-278 .wpcp-swiper-dots .swiper-pagination-bullet.swiper-pagination-bullet-active {background-color: #178087;}@media screen and (max-width: 479px) {#sp-wp-carousel-free-id-278.nav-vertical-center {padding: 0;margin:0;}#sp-wp-carousel-free-id-278.nav-vertical-center .wpcp-next-button,#sp-wp-carousel-free-id-278.nav-vertical-center .wpcp-prev-button {display: none;}}#sp-wp-carousel-free-id-278 .wpcpro-row>[class*=\"wpcpro-col-\"] { padding: 0 10px; padding-bottom: 20px;}@media (min-width: 480px) { .wpcpro-row .wpcpro-col-sm-1 { flex: 0 0 100%; max-width: 100%; } .wpcpro-row .wpcpro-col-sm-2 { flex: 0 0 50%; max-width: 50%; } .wpcpro-row .wpcpro-col-sm-2-5 { flex: 0 0 75%; max-width: 75%; } .wpcpro-row .wpcpro-col-sm-3 { flex: 0 0 33.333%; max-width: 33.333%; } .wpcpro-row .wpcpro-col-sm-4 { flex: 0 0 25%; max-width: 25%; } .wpcpro-row .wpcpro-col-sm-5 { flex: 0 0 20%; max-width: 20%; } .wpcpro-row .wpcpro-col-sm-6 { flex: 0 0 16.66666666666667%; max-width: 16.66666666666667%; } .wpcpro-row .wpcpro-col-sm-7 { flex: 0 0 14.28571428%; max-width: 14.28571428%; } .wpcpro-row .wpcpro-col-sm-8 { flex: 0 0 12.5%; max-width: 12.5%; } } @media (max-width: 480px) { .wpcpro-row .wpcpro-col-xs-1 { flex: 0 0 100%; max-width: 100%; } .wpcpro-row .wpcpro-col-xs-2 { flex: 0 0 50%; max-width: 50%; } .wpcpro-row .wpcpro-col-xs-3 { flex: 0 0 33.222%; max-width: 33.222%; } .wpcpro-row .wpcpro-col-xs-4 { flex: 0 0 25%; max-width: 25%; } .wpcpro-row .wpcpro-col-xs-5 { flex: 0 0 20%; max-width: 20%; } .wpcpro-row .wpcpro-col-xs-6 { flex: 0 0 16.6667%; max-width: 16.6667%; } .wpcpro-row .wpcpro-col-xs-7 { flex: 0 0 14.28571428%; max-width: 14.28571428%; } .wpcpro-row .wpcpro-col-xs-8 { flex: 0 0 12.5%; max-width: 12.5%; } } @media (min-width: 736px) { .wpcpro-row .wpcpro-col-md-1 { flex: 0 0 100%; max-width: 100%; } .wpcpro-row .wpcpro-col-md-2 { flex: 0 0 50%; max-width: 50%; } .wpcpro-row .wpcpro-col-md-2-5 { flex: 0 0 75%; max-width: 75%; } .wpcpro-row .wpcpro-col-md-3 { flex: 0 0 33.333%; max-width: 33.333%; } .wpcpro-row .wpcpro-col-md-4 { flex: 0 0 25%; max-width: 25%; } .wpcpro-row .wpcpro-col-md-5 { flex: 0 0 20%; max-width: 20%; } .wpcpro-row .wpcpro-col-md-6 { flex: 0 0 16.66666666666667%; max-width: 16.66666666666667%; } .wpcpro-row .wpcpro-col-md-7 { flex: 0 0 14.28571428%; max-width: 14.28571428%; } .wpcpro-row .wpcpro-col-md-8 { flex: 0 0 12.5%; max-width: 12.5%; } } @media (min-width: 980px) { .wpcpro-row .wpcpro-col-lg-1 { flex: 0 0 100%; max-width: 100%; } .wpcpro-row .wpcpro-col-lg-2 { flex: 0 0 50%; max-width: 50%; } .wpcpro-row .wpcpro-col-lg-3 { flex: 0 0 33.222%; max-width: 33.222%; } .wpcpro-row .wpcpro-col-lg-4 { flex: 0 0 25%; max-width: 25%; } .wpcpro-row .wpcpro-col-lg-5 { flex: 0 0 20%; max-width: 20%; } .wpcpro-row .wpcpro-col-lg-6 { flex: 0 0 16.6667%; max-width: 16.6667%; } .wpcpro-row .wpcpro-col-lg-7 { flex: 0 0 14.28571428%; max-width: 14.28571428%; } .wpcpro-row .wpcpro-col-lg-8 { flex: 0 0 12.5%; max-width: 12.5%; } } @media (min-width: 1200px) { .wpcpro-row .wpcpro-col-xl-1 { flex: 0 0 100%; max-width: 100%; } .wpcpro-row .wpcpro-col-xl-2 { flex: 0 0 50%; max-width: 50%; } .wpcpro-row .wpcpro-col-xl-3 { flex: 0 0 33.22222222%; max-width: 33.22222222%; } .wpcpro-row .wpcpro-col-xl-4 { flex: 0 0 25%; max-width: 25%; } .wpcpro-row .wpcpro-col-xl-5 { flex: 0 0 20%; max-width: 20%; } .wpcpro-row .wpcpro-col-xl-6 { flex: 0 0 16.66667%; max-width: 16.66667%; } .wpcpro-row .wpcpro-col-xl-7 { flex: 0 0 14.28571428%; max-width: 14.28571428%; } .wpcpro-row .wpcpro-col-xl-8 { flex: 0 0 12.5%; max-width: 12.5%; } }<\/style><div class=\"wpcp-carousel-wrapper wpcp-wrapper-278\">\n\t<div id=\"wpcp-preloader-278\" class=\"wpcp-carousel-preloader\"><img decoding=\"async\" src=\"https:\/\/dev.ludivinedeprince.com\/wp-content\/plugins\/wp-carousel-free\/public\/css\/spinner.svg\" alt=\"Preloader Image\" \/><\/div>\t<div id=\"sp-wp-carousel-free-id-278\" class=\"wpcp-carousel-section sp-wpcp-278 wpcp-gallery-wrapper wpcp-image-carousel wpcp-preloader\" >\n\t\t<div class=\"wpcpro-row\">\n\t\t\t<div class=\"wpcpro-col-xs-1 wpcpro-col-sm-2  wpcpro-col-md-3 wpcpro-col-lg-4 wpcpro-col-xl-5\">\n\t<div class=\"wpcp-single-item\">\n\t\t\t<a class=\"wcp-light-box\" data-buttons='[\"close\"]' data-wpc_url='https:\/\/dev.ludivinedeprince.com\/wp-content\/uploads\/2023\/12\/3-piliers.png' href=\"https:\/\/dev.ludivinedeprince.com\/wp-content\/uploads\/2023\/12\/3-piliers.png\" data-fancybox=\"wpcp_view\">\n\t\t<figure>\n\t\t\t<img loading=\"lazy\" decoding=\"async\" class=\"skip-lazy\" src=\"https:\/\/dev.ludivinedeprince.com\/wp-content\/uploads\/2023\/12\/3-piliers.png\" alt=\"3 piliers\" width=\"590\" height=\"229\">\t\t<\/figure>\n\t<\/a>\n\t\t<\/div>\n<\/div>\n\t<div class=\"wpcpro-col-xs-1 wpcpro-col-sm-2  wpcpro-col-md-3 wpcpro-col-lg-4 wpcpro-col-xl-5\">\n\t<div class=\"wpcp-single-item\">\n\t\t\t<a class=\"wcp-light-box\" data-buttons='[\"close\"]' data-wpc_url='https:\/\/dev.ludivinedeprince.com\/wp-content\/uploads\/2023\/12\/Graphic-Recording.png' href=\"https:\/\/dev.ludivinedeprince.com\/wp-content\/uploads\/2023\/12\/Graphic-Recording.png\" data-fancybox=\"wpcp_view\">\n\t\t<figure>\n\t\t\t<img loading=\"lazy\" decoding=\"async\" class=\"skip-lazy\" src=\"https:\/\/dev.ludivinedeprince.com\/wp-content\/uploads\/2023\/12\/Graphic-Recording.png\" alt=\"Graphic Recording\" width=\"727\" height=\"664\">\t\t<\/figure>\n\t<\/a>\n\t\t<\/div>\n<\/div>\n\t<div class=\"wpcpro-col-xs-1 wpcpro-col-sm-2  wpcpro-col-md-3 wpcpro-col-lg-4 wpcpro-col-xl-5\">\n\t<div class=\"wpcp-single-item\">\n\t\t\t<a class=\"wcp-light-box\" data-buttons='[\"close\"]' data-wpc_url='https:\/\/dev.ludivinedeprince.com\/wp-content\/uploads\/2023\/12\/Facilitation-graphique.png' href=\"https:\/\/dev.ludivinedeprince.com\/wp-content\/uploads\/2023\/12\/Facilitation-graphique.png\" data-fancybox=\"wpcp_view\">\n\t\t<figure>\n\t\t\t<img loading=\"lazy\" decoding=\"async\" class=\"skip-lazy\" src=\"https:\/\/dev.ludivinedeprince.com\/wp-content\/uploads\/2023\/12\/Facilitation-graphique.png\" alt=\"Facilitation graphique\" width=\"796\" height=\"710\">\t\t<\/figure>\n\t<\/a>\n\t\t<\/div>\n<\/div>\n\t<div class=\"wpcpro-col-xs-1 wpcpro-col-sm-2  wpcpro-col-md-3 wpcpro-col-lg-4 wpcpro-col-xl-5\">\n\t<div class=\"wpcp-single-item\">\n\t\t\t<a class=\"wcp-light-box\" data-buttons='[\"close\"]' data-wpc_url='https:\/\/dev.ludivinedeprince.com\/wp-content\/uploads\/2023\/12\/Balance.png' href=\"https:\/\/dev.ludivinedeprince.com\/wp-content\/uploads\/2023\/12\/Balance.png\" data-fancybox=\"wpcp_view\">\n\t\t<figure>\n\t\t\t<img loading=\"lazy\" decoding=\"async\" class=\"skip-lazy\" src=\"https:\/\/dev.ludivinedeprince.com\/wp-content\/uploads\/2023\/12\/Balance.png\" alt=\"Balance\" width=\"924\" height=\"928\">\t\t<\/figure>\n\t<\/a>\n\t\t<\/div>\n<\/div>\n\t<div class=\"wpcpro-col-xs-1 wpcpro-col-sm-2  wpcpro-col-md-3 wpcpro-col-lg-4 wpcpro-col-xl-5\">\n\t<div class=\"wpcp-single-item\">\n\t\t\t<a class=\"wcp-light-box\" data-buttons='[\"close\"]' data-wpc_url='https:\/\/dev.ludivinedeprince.com\/wp-content\/uploads\/2023\/12\/231113_plaquette_Pensee_Visuelle-scaled.jpg' href=\"https:\/\/dev.ludivinedeprince.com\/wp-content\/uploads\/2023\/12\/231113_plaquette_Pensee_Visuelle-scaled.jpg\" data-fancybox=\"wpcp_view\">\n\t\t<figure>\n\t\t\t<img loading=\"lazy\" decoding=\"async\" class=\"skip-lazy\" src=\"https:\/\/dev.ludivinedeprince.com\/wp-content\/uploads\/2023\/12\/231113_plaquette_Pensee_Visuelle-scaled.jpg\" alt=\"231113_plaquette_Pens\u00e9e_Visuelle\" width=\"2560\" height=\"1919\">\t\t<\/figure>\n\t<\/a>\n\t\t<\/div>\n<\/div>\n\t\t\t<\/div>\n\t<\/div>\n\t<\/div> <!-- \/\/ Carousel Wrapper. -->\n<\/div>","protected":false},"excerpt":{"rendered":"<p>Qui je suis Bonjour ! Je suis Ludivine et je suis enchant\u00e9e de vous accueillir sur mon site et de vous parler un peu de moi. Dans mon parcours professionnel, c&rsquo;est d&rsquo;abord 19 ans en tant que Responsable Qualit\u00e9 au sein de l\u2019industrie de la Micro\u00e9lectronique. Un m\u00e9tier, o\u00f9 j&rsquo;ai travaill\u00e9 avec la direction, les [&hellip;]<\/p>\n","protected":false},"author":1,"featured_media":0,"parent":0,"menu_order":0,"comment_status":"closed","ping_status":"closed","template":"","meta":{"footnotes":""},"class_list":["post-175","page","type-page","status-publish","hentry"],"_links":{"self":[{"href":"https:\/\/dev.ludivinedeprince.com\/index.php\/wp-json\/wp\/v2\/pages\/175","targetHints":{"allow":["GET"]}}],"collection":[{"href":"https:\/\/dev.ludivinedeprince.com\/index.php\/wp-json\/wp\/v2\/pages"}],"about":[{"href":"https:\/\/dev.ludivinedeprince.com\/index.php\/wp-json\/wp\/v2\/types\/page"}],"author":[{"embeddable":true,"href":"https:\/\/dev.ludivinedeprince.com\/index.php\/wp-json\/wp\/v2\/users\/1"}],"replies":[{"embeddable":true,"href":"https:\/\/dev.ludivinedeprince.com\/index.php\/wp-json\/wp\/v2\/comments?post=175"}],"version-history":[{"count":7,"href":"https:\/\/dev.ludivinedeprince.com\/index.php\/wp-json\/wp\/v2\/pages\/175\/revisions"}],"predecessor-version":[{"id":482,"href":"https:\/\/dev.ludivinedeprince.com\/index.php\/wp-json\/wp\/v2\/pages\/175\/revisions\/482"}],"wp:attachment":[{"href":"https:\/\/dev.ludivinedeprince.com\/index.php\/wp-json\/wp\/v2\/media?parent=175"}],"curies":[{"name":"wp","href":"https:\/\/api.w.org\/{rel}","templated":true}]}}